{"id":21,"date":"2020-10-25T16:57:20","date_gmt":"2020-10-25T19:57:20","guid":{"rendered":"https:\/\/estudiovita.com.br\/?page_id=21"},"modified":"2024-10-14T20:31:57","modified_gmt":"2024-10-14T23:31:57","slug":"sobre","status":"publish","type":"page","link":"https:\/\/estudiovita.com.br\/?page_id=21","title":{"rendered":"SOBRE"},"content":{"rendered":"\n<p>O Est\u00fadio Vita foi criado em outubro de 2019, mas a sua trajet\u00f3ria teve in\u00edcio muito antes.<\/p>\n\n\n\n<p>Amanda Vita, que carrega no sobrenome a tradu\u00e7\u00e3o de vida em italiano, era aluna do curso de Arquitetura e Urbanismo com seus 18 e poucos anos, quando j\u00e1 manifestava uma vontade de criar. Elaborar projetos do zero, com um olhar s\u00f3 seu. Em outras palavras, imprimir sua marca.<\/p>\n\n\n\n<p>Entre est\u00e1gios e contrata\u00e7\u00f5es, a arquiteta passou nos anos seguintes por diferentes escrit\u00f3rios em S\u00e3o Paulo. Desbravou diferentes concep\u00e7\u00f5es que foram de empresas do varejo ao design de interiores para resid\u00eancias, adicionando novos elementos da profiss\u00e3o em uma fam\u00edlia com arquitetos que atuam essencialmente em canteiro de obra.<\/p>\n\n\n\n<p>Ela aperfei\u00e7oou suas t\u00e9cnicas de desenho e pesquisa, de modo que se presenteou com muita liberdade para experimentar e descobrir novas possibilidades como arquiteta. No entanto, ainda faltava<em> vida<\/em>, sem trocadilhos.<\/p>\n\n\n\n<p>Amanda aproveitou a experi\u00eancia acumulada at\u00e9 ent\u00e3o para desenhar novos planos, literalmente. Era o momento de colocar em pr\u00e1tica aquele desejo crescente que vinha desde os tempos de faculdade. H\u00e1 cinco anos o Est\u00fadio Vita sa\u00eda do papel.<\/p>\n\n\n\n<p>A escolha do nome, por mais que possa parecer \u00f3bvia em um primeiro momento, carrega simbolismos: \u00e9 uma homenagem ao pai, sua maior inspira\u00e7\u00e3o na arquitetura, e traduz o seu objetivo de entregar vida em cores e formas.<\/p>\n\n\n\n<p>O escrit\u00f3rio administrado exclusivamente por ela foi concebido a partir de um olhar vers\u00e1til para a arquitetura, com solu\u00e7\u00f5es de curto, m\u00e9dio e longo prazo.<\/p>\n\n\n\n<p>Os primeiros clientes, a fabricante de tapetes Via Star e a startup de bebidas veganas Nude, permanecem at\u00e9 hoje. Da sua mente sa\u00edram dezenas de projetos que rodaram o Brasil e o exterior.<\/p>\n\n\n\n<p>A arquiteta tamb\u00e9m foi coautora do projeto do restaurante italiano Vinheria Percussi, que ganhou uma cara mais intimista e aconchegante no cora\u00e7\u00e3o do bairro Pinheiros, em S\u00e3o Paulo.<\/p>\n\n\n\n<p>A assinatura do Est\u00fadio Vita tamb\u00e9m est\u00e1 presente em reformas e decora\u00e7\u00f5es de interiores (essa \u00faltima \u00e9 uma paix\u00e3o recentemente descoberta) de casas e apartamentos de diferentes metragens. De certa forma, Amanda Vita \u201cencontra\u201d sua fam\u00edlia quando pisa no ch\u00e3o das obras que est\u00e3o sob seu comando.<\/p>\n\n\n\n<p>O fato de ter uma mulher \u00e0 frente de um neg\u00f3cio imp\u00f5e obst\u00e1culos que a arquiteta precisa superar diariamente. Ela est\u00e1 preparada para isso e muito mais.<\/p>\n\n\n\n<p>Esse \u00e9 apenas o come\u00e7o. O Est\u00fadio Vita est\u00e1 aberto para quem procura construir novas parcerias e acredita que a vida passa pela arquitetura.&nbsp;<\/p>\n","protected":false},"excerpt":{"rendered":"<p>O Est\u00fadio Vita foi criado em outubro de 2019, mas a sua trajet\u00f3ria teve in\u00edcio muito antes. Amanda Vita, que carrega no sobrenome a tradu\u00e7\u00e3o de vida em italiano, era aluna do curso de Arquitetura e Urbanismo com seus 18 e poucos anos, quando j\u00e1 manifestava uma vontade de criar. Elaborar projetos do zero, com [&hellip;]<\/p>\n","protected":false},"author":1,"featured_media":557,"parent":0,"menu_order":0,"comment_status":"closed","ping_status":"closed","template":"","meta":{"footnotes":""},"class_list":["post-21","page","type-page","status-publish","has-post-thumbnail","hentry"],"yoast_head":"<!-- This site is optimized with the Yoast SEO plugin v23.7 - https:\/\/yoast.com\/wordpress\/plugins\/seo\/ -->\n<title>SOBRE - Est\u00fadio Vita<\/title>\n<meta name=\"robots\" content=\"index, follow, max-snippet:-1, max-image-preview:large, max-video-preview:-1\" \/>\n<link rel=\"canonical\" href=\"https:\/\/estudiovita.com.br\/?page_id=21\" \/>\n<meta property=\"og:locale\" content=\"pt_BR\" \/>\n<meta property=\"og:type\" content=\"article\" \/>\n<meta property=\"og:title\" content=\"SOBRE - Est\u00fadio Vita\" \/>\n<meta property=\"og:description\" content=\"O Est\u00fadio Vita foi criado em outubro de 2019, mas a sua trajet\u00f3ria teve in\u00edcio muito antes. Amanda Vita, que carrega no sobrenome a tradu\u00e7\u00e3o de vida em italiano, era aluna do curso de Arquitetura e Urbanismo com seus 18 e poucos anos, quando j\u00e1 manifestava uma vontade de criar. Elaborar projetos do zero, com [&hellip;]\" \/>\n<meta property=\"og:url\" content=\"https:\/\/estudiovita.com.br\/?page_id=21\" \/>\n<meta property=\"og:site_name\" content=\"Est\u00fadio Vita\" \/>\n<meta property=\"article:modified_time\" content=\"2024-10-14T23:31:57+00:00\" \/>\n<meta property=\"og:image\" content=\"https:\/\/estudiovita.com.br\/wp-content\/uploads\/2024\/02\/IMG_0629.jpeg\" \/>\n\t<meta property=\"og:image:width\" content=\"1536\" \/>\n\t<meta property=\"og:image:height\" content=\"2048\" \/>\n\t<meta property=\"og:image:type\" content=\"image\/jpeg\" \/>\n<meta name=\"twitter:card\" content=\"summary_large_image\" \/>\n<meta name=\"twitter:label1\" content=\"Est. tempo de leitura\" \/>\n\t<meta name=\"twitter:data1\" content=\"2 minutos\" \/>\n<script type=\"application\/ld+json\" class=\"yoast-schema-graph\">{\"@context\":\"https:\/\/schema.org\",\"@graph\":[{\"@type\":\"WebPage\",\"@id\":\"https:\/\/estudiovita.com.br\/?page_id=21\",\"url\":\"https:\/\/estudiovita.com.br\/?page_id=21\",\"name\":\"SOBRE - Est\u00fadio Vita\",\"isPartOf\":{\"@id\":\"https:\/\/estudiovita.com.br\/#website\"},\"primaryImageOfPage\":{\"@id\":\"https:\/\/estudiovita.com.br\/?page_id=21#primaryimage\"},\"image\":{\"@id\":\"https:\/\/estudiovita.com.br\/?page_id=21#primaryimage\"},\"thumbnailUrl\":\"https:\/\/estudiovita.com.br\/wp-content\/uploads\/2024\/02\/IMG_0629.jpeg\",\"datePublished\":\"2020-10-25T19:57:20+00:00\",\"dateModified\":\"2024-10-14T23:31:57+00:00\",\"breadcrumb\":{\"@id\":\"https:\/\/estudiovita.com.br\/?page_id=21#breadcrumb\"},\"inLanguage\":\"pt-BR\",\"potentialAction\":[{\"@type\":\"ReadAction\",\"target\":[\"https:\/\/estudiovita.com.br\/?page_id=21\"]}]},{\"@type\":\"ImageObject\",\"inLanguage\":\"pt-BR\",\"@id\":\"https:\/\/estudiovita.com.br\/?page_id=21#primaryimage\",\"url\":\"https:\/\/estudiovita.com.br\/wp-content\/uploads\/2024\/02\/IMG_0629.jpeg\",\"contentUrl\":\"https:\/\/estudiovita.com.br\/wp-content\/uploads\/2024\/02\/IMG_0629.jpeg\",\"width\":1536,\"height\":2048},{\"@type\":\"BreadcrumbList\",\"@id\":\"https:\/\/estudiovita.com.br\/?page_id=21#breadcrumb\",\"itemListElement\":[{\"@type\":\"ListItem\",\"position\":1,\"name\":\"Home\",\"item\":\"https:\/\/estudiovita.com.br\/\"},{\"@type\":\"ListItem\",\"position\":2,\"name\":\"SOBRE\"}]},{\"@type\":\"WebSite\",\"@id\":\"https:\/\/estudiovita.com.br\/#website\",\"url\":\"https:\/\/estudiovita.com.br\/\",\"name\":\"Est\u00fadio Vita\",\"description\":\"arquitetura\",\"publisher\":{\"@id\":\"https:\/\/estudiovita.com.br\/#organization\"},\"potentialAction\":[{\"@type\":\"SearchAction\",\"target\":{\"@type\":\"EntryPoint\",\"urlTemplate\":\"https:\/\/estudiovita.com.br\/?s={search_term_string}\"},\"query-input\":{\"@type\":\"PropertyValueSpecification\",\"valueRequired\":true,\"valueName\":\"search_term_string\"}}],\"inLanguage\":\"pt-BR\"},{\"@type\":\"Organization\",\"@id\":\"https:\/\/estudiovita.com.br\/#organization\",\"name\":\"Est\u00fadio Vita\",\"url\":\"https:\/\/estudiovita.com.br\/\",\"logo\":{\"@type\":\"ImageObject\",\"inLanguage\":\"pt-BR\",\"@id\":\"https:\/\/estudiovita.com.br\/#\/schema\/logo\/image\/\",\"url\":\"https:\/\/estudiovita.com.br\/wp-content\/uploads\/2024\/02\/cropped-Vita-Logo-Preto-Tag.png\",\"contentUrl\":\"https:\/\/estudiovita.com.br\/wp-content\/uploads\/2024\/02\/cropped-Vita-Logo-Preto-Tag.png\",\"width\":1998,\"height\":1589,\"caption\":\"Est\u00fadio Vita\"},\"image\":{\"@id\":\"https:\/\/estudiovita.com.br\/#\/schema\/logo\/image\/\"}}]}<\/script>\n<!-- \/ Yoast SEO plugin. -->","yoast_head_json":{"title":"SOBRE - Est\u00fadio Vita","robots":{"index":"index","follow":"follow","max-snippet":"max-snippet:-1","max-image-preview":"max-image-preview:large","max-video-preview":"max-video-preview:-1"},"canonical":"https:\/\/estudiovita.com.br\/?page_id=21","og_locale":"pt_BR","og_type":"article","og_title":"SOBRE - Est\u00fadio Vita","og_description":"O Est\u00fadio Vita foi criado em outubro de 2019, mas a sua trajet\u00f3ria teve in\u00edcio muito antes. Amanda Vita, que carrega no sobrenome a tradu\u00e7\u00e3o de vida em italiano, era aluna do curso de Arquitetura e Urbanismo com seus 18 e poucos anos, quando j\u00e1 manifestava uma vontade de criar. Elaborar projetos do zero, com [&hellip;]","og_url":"https:\/\/estudiovita.com.br\/?page_id=21","og_site_name":"Est\u00fadio Vita","article_modified_time":"2024-10-14T23:31:57+00:00","og_image":[{"width":1536,"height":2048,"url":"https:\/\/estudiovita.com.br\/wp-content\/uploads\/2024\/02\/IMG_0629.jpeg","type":"image\/jpeg"}],"twitter_card":"summary_large_image","twitter_misc":{"Est. tempo de leitura":"2 minutos"},"schema":{"@context":"https:\/\/schema.org","@graph":[{"@type":"WebPage","@id":"https:\/\/estudiovita.com.br\/?page_id=21","url":"https:\/\/estudiovita.com.br\/?page_id=21","name":"SOBRE - Est\u00fadio Vita","isPartOf":{"@id":"https:\/\/estudiovita.com.br\/#website"},"primaryImageOfPage":{"@id":"https:\/\/estudiovita.com.br\/?page_id=21#primaryimage"},"image":{"@id":"https:\/\/estudiovita.com.br\/?page_id=21#primaryimage"},"thumbnailUrl":"https:\/\/estudiovita.com.br\/wp-content\/uploads\/2024\/02\/IMG_0629.jpeg","datePublished":"2020-10-25T19:57:20+00:00","dateModified":"2024-10-14T23:31:57+00:00","breadcrumb":{"@id":"https:\/\/estudiovita.com.br\/?page_id=21#breadcrumb"},"inLanguage":"pt-BR","potentialAction":[{"@type":"ReadAction","target":["https:\/\/estudiovita.com.br\/?page_id=21"]}]},{"@type":"ImageObject","inLanguage":"pt-BR","@id":"https:\/\/estudiovita.com.br\/?page_id=21#primaryimage","url":"https:\/\/estudiovita.com.br\/wp-content\/uploads\/2024\/02\/IMG_0629.jpeg","contentUrl":"https:\/\/estudiovita.com.br\/wp-content\/uploads\/2024\/02\/IMG_0629.jpeg","width":1536,"height":2048},{"@type":"BreadcrumbList","@id":"https:\/\/estudiovita.com.br\/?page_id=21#breadcrumb","itemListElement":[{"@type":"ListItem","position":1,"name":"Home","item":"https:\/\/estudiovita.com.br\/"},{"@type":"ListItem","position":2,"name":"SOBRE"}]},{"@type":"WebSite","@id":"https:\/\/estudiovita.com.br\/#website","url":"https:\/\/estudiovita.com.br\/","name":"Est\u00fadio Vita","description":"arquitetura","publisher":{"@id":"https:\/\/estudiovita.com.br\/#organization"},"potentialAction":[{"@type":"SearchAction","target":{"@type":"EntryPoint","urlTemplate":"https:\/\/estudiovita.com.br\/?s={search_term_string}"},"query-input":{"@type":"PropertyValueSpecification","valueRequired":true,"valueName":"search_term_string"}}],"inLanguage":"pt-BR"},{"@type":"Organization","@id":"https:\/\/estudiovita.com.br\/#organization","name":"Est\u00fadio Vita","url":"https:\/\/estudiovita.com.br\/","logo":{"@type":"ImageObject","inLanguage":"pt-BR","@id":"https:\/\/estudiovita.com.br\/#\/schema\/logo\/image\/","url":"https:\/\/estudiovita.com.br\/wp-content\/uploads\/2024\/02\/cropped-Vita-Logo-Preto-Tag.png","contentUrl":"https:\/\/estudiovita.com.br\/wp-content\/uploads\/2024\/02\/cropped-Vita-Logo-Preto-Tag.png","width":1998,"height":1589,"caption":"Est\u00fadio Vita"},"image":{"@id":"https:\/\/estudiovita.com.br\/#\/schema\/logo\/image\/"}}]}},"_links":{"self":[{"href":"https:\/\/estudiovita.com.br\/index.php?rest_route=\/wp\/v2\/pages\/21","targetHints":{"allow":["GET"]}}],"collection":[{"href":"https:\/\/estudiovita.com.br\/index.php?rest_route=\/wp\/v2\/pages"}],"about":[{"href":"https:\/\/estudiovita.com.br\/index.php?rest_route=\/wp\/v2\/types\/page"}],"author":[{"embeddable":true,"href":"https:\/\/estudiovita.com.br\/index.php?rest_route=\/wp\/v2\/users\/1"}],"replies":[{"embeddable":true,"href":"https:\/\/estudiovita.com.br\/index.php?rest_route=%2Fwp%2Fv2%2Fcomments&post=21"}],"version-history":[{"count":5,"href":"https:\/\/estudiovita.com.br\/index.php?rest_route=\/wp\/v2\/pages\/21\/revisions"}],"predecessor-version":[{"id":693,"href":"https:\/\/estudiovita.com.br\/index.php?rest_route=\/wp\/v2\/pages\/21\/revisions\/693"}],"wp:featuredmedia":[{"embeddable":true,"href":"https:\/\/estudiovita.com.br\/index.php?rest_route=\/wp\/v2\/media\/557"}],"wp:attachment":[{"href":"https:\/\/estudiovita.com.br\/index.php?rest_route=%2Fwp%2Fv2%2Fmedia&parent=21"}],"curies":[{"name":"wp","href":"https:\/\/api.w.org\/{rel}","templated":true}]}}

<p>O Estúdio Vita foi criado em outubro de 2019, mas a sua trajetória teve início muito antes.</p>



<p>Amanda Vita, que carrega no sobrenome a tradução de vida em italiano, era aluna do curso de Arquitetura e Urbanismo com seus 18 e poucos anos, quando já manifestava uma vontade de criar. Elaborar projetos do zero, com um olhar só seu. Em outras palavras, imprimir sua marca.</p>



<p>Entre estágios e contratações, a arquiteta passou nos anos seguintes por diferentes escritórios em São Paulo. Desbravou diferentes concepções que foram de empresas do varejo ao design de interiores para residências, adicionando novos elementos da profissão em uma família com arquitetos que atuam essencialmente em canteiro de obra.</p>



<p>Ela aperfeiçoou suas técnicas de desenho e pesquisa, de modo que se presenteou com muita liberdade para experimentar e descobrir novas possibilidades como arquiteta. No entanto, ainda faltava<em> vida</em>, sem trocadilhos.</p>



<p>Amanda aproveitou a experiência acumulada até então para desenhar novos planos, literalmente. Era o momento de colocar em prática aquele desejo crescente que vinha desde os tempos de faculdade. Há cinco anos o Estúdio Vita saía do papel.</p>



<p>A escolha do nome, por mais que possa parecer óbvia em um primeiro momento, carrega simbolismos: é uma homenagem ao pai, sua maior inspiração na arquitetura, e traduz o seu objetivo de entregar vida em cores e formas.</p>



<p>O escritório administrado exclusivamente por ela foi concebido a partir de um olhar versátil para a arquitetura, com soluções de curto, médio e longo prazo.</p>



<p>Os primeiros clientes, a fabricante de tapetes Via Star e a startup de bebidas veganas Nude, permanecem até hoje. Da sua mente saíram dezenas de projetos que rodaram o Brasil e o exterior.</p>



<p>A arquiteta também foi coautora do projeto do restaurante italiano Vinheria Percussi, que ganhou uma cara mais intimista e aconchegante no coração do bairro Pinheiros, em São Paulo.</p>



<p>A assinatura do Estúdio Vita também está presente em reformas e decorações de interiores (essa última é uma paixão recentemente descoberta) de casas e apartamentos de diferentes metragens. De certa forma, Amanda Vita “encontra” sua família quando pisa no chão das obras que estão sob seu comando.</p>



<p>O fato de ter uma mulher à frente de um negócio impõe obstáculos que a arquiteta precisa superar diariamente. Ela está preparada para isso e muito mais.</p>



<p>Esse é apenas o começo. O Estúdio Vita está aberto para quem procura construir novas parcerias e acredita que a vida passa pela arquitetura.&nbsp;</p>

<p>O Estúdio Vita foi criado em outubro de 2019, mas a sua trajetória teve início muito antes. Amanda Vita, que carrega no sobrenome a tradução de vida em italiano, era aluna do curso de Arquitetura e Urbanismo com seus 18 e poucos anos, quando já manifestava uma vontade de criar. Elaborar projetos do zero, com [&hellip;]</p>

<!-- This site is optimized with the Yoast SEO plugin v23.7 - https://yoast.com/wordpress/plugins/seo/ -->
<title>SOBRE - Estúdio Vita</title>
<meta name="robots" content="index, follow, max-snippet:-1, max-image-preview:large, max-video-preview:-1" />
<link rel="canonical" href="https://estudiovita.com.br/?page_id=21" />
<meta property="og:locale" content="pt_BR" />
<meta property="og:type" content="article" />
<meta property="og:title" content="SOBRE - Estúdio Vita" />
<meta property="og:description" content="O Estúdio Vita foi criado em outubro de 2019, mas a sua trajetória teve início muito antes. Amanda Vita, que carrega no sobrenome a tradução de vida em italiano, era aluna do curso de Arquitetura e Urbanismo com seus 18 e poucos anos, quando já manifestava uma vontade de criar. Elaborar projetos do zero, com [&hellip;]" />
<meta property="og:url" content="https://estudiovita.com.br/?page_id=21" />
<meta property="og:site_name" content="Estúdio Vita" />
<meta property="article:modified_time" content="2024-10-14T23:31:57+00:00" />
<meta property="og:image" content="https://estudiovita.com.br/wp-content/uploads/2024/02/IMG_0629.jpeg" />
	<meta property="og:image:width" content="1536" />
	<meta property="og:image:height" content="2048" />
	<meta property="og:image:type" content="image/jpeg" />
<meta name="twitter:card" content="summary_large_image" />
<meta name="twitter:label1" content="Est. tempo de leitura" />
	<meta name="twitter:data1" content="2 minutos" />
<script type="application/ld+json" class="yoast-schema-graph">{"@context":"https://schema.org","@graph":[{"@type":"WebPage","@id":"https://estudiovita.com.br/?page_id=21","url":"https://estudiovita.com.br/?page_id=21","name":"SOBRE - Estúdio Vita","isPartOf":{"@id":"https://estudiovita.com.br/#website"},"primaryImageOfPage":{"@id":"https://estudiovita.com.br/?page_id=21#primaryimage"},"image":{"@id":"https://estudiovita.com.br/?page_id=21#primaryimage"},"thumbnailUrl":"https://estudiovita.com.br/wp-content/uploads/2024/02/IMG_0629.jpeg","datePublished":"2020-10-25T19:57:20+00:00","dateModified":"2024-10-14T23:31:57+00:00","breadcrumb":{"@id":"https://estudiovita.com.br/?page_id=21#breadcrumb"},"inLanguage":"pt-BR","potentialAction":[{"@type":"ReadAction","target":["https://estudiovita.com.br/?page_id=21"]}]},{"@type":"ImageObject","inLanguage":"pt-BR","@id":"https://estudiovita.com.br/?page_id=21#primaryimage","url":"https://estudiovita.com.br/wp-content/uploads/2024/02/IMG_0629.jpeg","contentUrl":"https://estudiovita.com.br/wp-content/uploads/2024/02/IMG_0629.jpeg","width":1536,"height":2048},{"@type":"BreadcrumbList","@id":"https://estudiovita.com.br/?page_id=21#breadcrumb","itemListElement":[{"@type":"ListItem","position":1,"name":"Home","item":"https://estudiovita.com.br/"},{"@type":"ListItem","position":2,"name":"SOBRE"}]},{"@type":"WebSite","@id":"https://estudiovita.com.br/#website","url":"https://estudiovita.com.br/","name":"Estúdio Vita","description":"arquitetura","publisher":{"@id":"https://estudiovita.com.br/#organization"},"potentialAction":[{"@type":"SearchAction","target":{"@type":"EntryPoint","urlTemplate":"https://estudiovita.com.br/?s={search_term_string}"},"query-input":{"@type":"PropertyValueSpecification","valueRequired":true,"valueName":"search_term_string"}}],"inLanguage":"pt-BR"},{"@type":"Organization","@id":"https://estudiovita.com.br/#organization","name":"Estúdio Vita","url":"https://estudiovita.com.br/","logo":{"@type":"ImageObject","inLanguage":"pt-BR","@id":"https://estudiovita.com.br/#/schema/logo/image/","url":"https://estudiovita.com.br/wp-content/uploads/2024/02/cropped-Vita-Logo-Preto-Tag.png","contentUrl":"https://estudiovita.com.br/wp-content/uploads/2024/02/cropped-Vita-Logo-Preto-Tag.png","width":1998,"height":1589,"caption":"Estúdio Vita"},"image":{"@id":"https://estudiovita.com.br/#/schema/logo/image/"}}]}</script>
<!-- / Yoast SEO plugin. -->

SOBRE - Estúdio Vita

O Estúdio Vita foi criado em outubro de 2019, mas a sua trajetória teve início muito antes. Amanda Vita, que carrega no sobrenome a tradução de vida em italiano, era aluna do curso de Arquitetura e Urbanismo com seus 18 e poucos anos, quando já manifestava uma vontade de criar. Elaborar projetos do zero, com [&hellip;]

Estúdio Vita
